{"id":9879,"date":"2025-08-04T17:00:38","date_gmt":"2025-08-04T17:00:38","guid":{"rendered":"https:\/\/nodochile.cl\/?page_id=9879"},"modified":"2025-12-10T21:29:50","modified_gmt":"2025-12-10T21:29:50","slug":"opinion","status":"publish","type":"page","link":"https:\/\/nodochile.cl\/index.php\/opinion\/","title":{"rendered":"Opini\u00f3n"},"content":{"rendered":"\t\t<div data-elementor-type=\"wp-page\" data-elementor-id=\"9879\" class=\"elementor elementor-9879\" data-elementor-post-type=\"page\">\n\t\t\t\t<div class=\"elementor-element elementor-element-0b12f20 e-flex e-con-boxed e-con e-parent\" data-id=\"0b12f20\" data-element_type=\"container\">\n\t\t\t\t\t<div class=\"e-con-inner\">\n\t\t\t\t<div class=\"elementor-element elementor-element-0a9cb6c elementor-posts--thumbnail-none elementor-grid-3 elementor-grid-tablet-2 elementor-grid-mobile-1 elementor-card-shadow-yes elementor-posts__hover-gradient elementor-widget elementor-widget-posts\" data-id=\"0a9cb6c\" data-element_type=\"widget\" data-settings=\"{&quot;cards_columns&quot;:&quot;3&quot;,&quot;cards_columns_tablet&quot;:&quot;2&quot;,&quot;cards_columns_mobile&quot;:&quot;1&quot;,&quot;cards_row_gap&quot;:{&quot;unit&quot;:&quot;px&quot;,&quot;size&quot;:35,&quot;sizes&quot;:[]},&quot;cards_row_gap_tablet&quot;:{&quot;unit&quot;:&quot;px&quot;,&quot;size&quot;:&quot;&quot;,&quot;sizes&quot;:[]},&quot;cards_row_gap_mobile&quot;:{&quot;unit&quot;:&quot;px&quot;,&quot;size&quot;:&quot;&quot;,&quot;sizes&quot;:[]}}\" data-widget_type=\"posts.cards\">\n\t\t\t\t<div class=\"elementor-widget-container\">\n\t\t\t\t\t\t\t<div class=\"elementor-posts-container elementor-posts elementor-posts--skin-cards elementor-grid\">\n\t\t\t\t<article class=\"elementor-post elementor-grid-item post-8774 post type-post status-publish format-standard hentry category-opinion tag-opinion\">\n\t\t\t<div class=\"elementor-post__card\">\n\t\t\t\t<div class=\"elementor-post__text\">\n\t\t\t\t<h3 class=\"elementor-post__title\">\n\t\t\t<a href=\"https:\/\/nodochile.cl\/index.php\/2025\/06\/05\/participacion-ciudadana-temprana-garantias-para-empresas-y-comunidades-en-el-marco-de-la-evaluacion-ambiental\/\" target=&quot;_blank&quot;>\n\t\t\t\tParticipaci\u00f3n Ciudadana Temprana: garant\u00edas para empresas y comunidades en el marco de la evaluaci\u00f3n ambiental\t\t\t<\/a>\n\t\t<\/h3>\n\t\t\t\t<div class=\"elementor-post__excerpt\">\n\t\t\t<p>El Servicio de Evaluaci\u00f3n Ambiental public\u00f3 a fines de 2023 la actualizaci\u00f3n de la Gu\u00eda de Participaci\u00f3n Ciudadana Anticipada (PACA) -lanzada en 2013- denomin\u00e1ndose ahora Gu\u00eda de Participaci\u00f3n Ciudadana Temprana (PCT), la cual estandariza procesos y metodolog\u00edas de participaci\u00f3n y relacionamiento comunitario en el marco de proyectos de inversi\u00f3n que ingresan al SEIA, e integra los principios y criterios del Acuerdo Regional sobre el Acceso a la Informaci\u00f3n, la Participaci\u00f3n P\u00fablica y el Acceso a la Justicia en Asuntos Ambientales en Am\u00e9rica Latina y el Caribe (Acuerdo de Escaz\u00fa), al<\/p>\n\t\t<\/div>\n\t\t\n\t\t<a class=\"elementor-post__read-more\" href=\"https:\/\/nodochile.cl\/index.php\/2025\/06\/05\/participacion-ciudadana-temprana-garantias-para-empresas-y-comunidades-en-el-marco-de-la-evaluacion-ambiental\/\" aria-label=\"Read more about Participaci\u00f3n Ciudadana Temprana: garant\u00edas para empresas y comunidades en el marco de la evaluaci\u00f3n ambiental\" tabindex=\"-1\" target=\"_blank\">\n\t\t\tLeer m\u00e1s &gt;\t\t<\/a>\n\n\t\t\t\t<\/div>\n\t\t\t\t<div class=\"elementor-post__meta-data\">\n\t\t\t\t\t<span class=\"elementor-post-author\">\n\t\t\tSebasti\u00e1n Videla\t\t<\/span>\n\t\t\t\t<\/div>\n\t\t\t\t\t<\/div>\n\t\t<\/article>\n\t\t\t\t<article class=\"elementor-post elementor-grid-item post-8772 post type-post status-publish format-standard hentry category-opinion tag-opinion\">\n\t\t\t<div class=\"elementor-post__card\">\n\t\t\t\t<div class=\"elementor-post__text\">\n\t\t\t\t<h3 class=\"elementor-post__title\">\n\t\t\t<a href=\"https:\/\/nodochile.cl\/index.php\/2025\/06\/05\/mujeres-en-los-directorios-una-decision-estrategica-que-impulsa-la-sostenibilidad\/\" target=&quot;_blank&quot;>\n\t\t\t\tMujeres en los directorios: una decisi\u00f3n estrat\u00e9gica que impulsa la sostenibilidad\t\t\t<\/a>\n\t\t<\/h3>\n\t\t\t\t<div class=\"elementor-post__excerpt\">\n\t\t\t<p>Cada mes de marzo se reaviva el debate sobre la importancia de incorporar mujeres en los directorios de empresas. Esta conversaci\u00f3n no deber\u00eda limitarse a este mes, sino formar parte de un compromiso continuo y este a\u00f1o la discusi\u00f3n es especialmente importante tras la reciente aprobaci\u00f3n de la ley \u201cM\u00e1s Mujeres en Directorios\u201d, que establece que el g\u00e9nero mayoritario no podr\u00e1 superar el 60% de los puestos. Diversos estudios han demostrado los beneficios de la inclusi\u00f3n de mujeres en la toma de decisiones, pero poco se habla del impacto concreto<\/p>\n\t\t<\/div>\n\t\t\n\t\t<a class=\"elementor-post__read-more\" href=\"https:\/\/nodochile.cl\/index.php\/2025\/06\/05\/mujeres-en-los-directorios-una-decision-estrategica-que-impulsa-la-sostenibilidad\/\" aria-label=\"Read more about Mujeres en los directorios: una decisi\u00f3n estrat\u00e9gica que impulsa la sostenibilidad\" tabindex=\"-1\" target=\"_blank\">\n\t\t\tLeer m\u00e1s &gt;\t\t<\/a>\n\n\t\t\t\t<\/div>\n\t\t\t\t<div class=\"elementor-post__meta-data\">\n\t\t\t\t\t<span class=\"elementor-post-author\">\n\t\t\tPilar de la Cerda\t\t<\/span>\n\t\t\t\t<\/div>\n\t\t\t\t\t<\/div>\n\t\t<\/article>\n\t\t\t\t<article class=\"elementor-post elementor-grid-item post-8770 post type-post status-publish format-standard hentry category-opinion tag-opinion\">\n\t\t\t<div class=\"elementor-post__card\">\n\t\t\t\t<div class=\"elementor-post__text\">\n\t\t\t\t<h3 class=\"elementor-post__title\">\n\t\t\t<a href=\"https:\/\/nodochile.cl\/index.php\/2025\/06\/05\/lo-que-no-se-dice-cuesta-caro-la-importancia-de-hablar-claro-con-las-comunidades\/\" target=&quot;_blank&quot;>\n\t\t\t\tLo que no se dice cuesta caro: la importancia de hablar claro con las comunidades\t\t\t<\/a>\n\t\t<\/h3>\n\t\t\t\t<div class=\"elementor-post__excerpt\">\n\t\t\t<p>En el desarrollo de proyectos energ\u00e9ticos, especialmente aquellos vinculados a fuentes renovables como la e\u00f3lica, se ha vuelto cada vez m\u00e1s evidente que la transparencia temprana sobre los potenciales impactos no es solo una buena pr\u00e1ctica, sino una condici\u00f3n necesaria para construir relaciones de confianza con los territorios. La experiencia nacional e internacional ha demostrado que ocultar, minimizar o postergar informaci\u00f3n relevante sobre afectaciones potenciales como cambios en el paisaje, ruidos, parpadeos de sombra o intervenciones sobre el territorio, puede tener un costo muy alto, tanto para la viabilidad de<\/p>\n\t\t<\/div>\n\t\t\n\t\t<a class=\"elementor-post__read-more\" href=\"https:\/\/nodochile.cl\/index.php\/2025\/06\/05\/lo-que-no-se-dice-cuesta-caro-la-importancia-de-hablar-claro-con-las-comunidades\/\" aria-label=\"Read more about Lo que no se dice cuesta caro: la importancia de hablar claro con las comunidades\" tabindex=\"-1\" target=\"_blank\">\n\t\t\tLeer m\u00e1s &gt;\t\t<\/a>\n\n\t\t\t\t<\/div>\n\t\t\t\t<div class=\"elementor-post__meta-data\">\n\t\t\t\t\t<span class=\"elementor-post-author\">\n\t\t\tFrancisco Valenzuela\t\t<\/span>\n\t\t\t\t<\/div>\n\t\t\t\t\t<\/div>\n\t\t<\/article>\n\t\t\t\t<article class=\"elementor-post elementor-grid-item post-8751 post type-post status-publish format-standard hentry category-opinion tag-opinion\">\n\t\t\t<div class=\"elementor-post__card\">\n\t\t\t\t<div class=\"elementor-post__text\">\n\t\t\t\t<h3 class=\"elementor-post__title\">\n\t\t\t<a href=\"https:\/\/nodochile.cl\/index.php\/2025\/06\/05\/la-colaboracion-como-herramienta-para-abordar-la-sostenibilidad\/\" target=&quot;_blank&quot;>\n\t\t\t\tLa colaboraci\u00f3n como herramienta para abordar la sostenibilidad\t\t\t<\/a>\n\t\t<\/h3>\n\t\t\t\t<div class=\"elementor-post__excerpt\">\n\t\t\t<p>Por Francisco Valenzuela La idea de colaborar no es nueva. Tampoco su importancia en la construcci\u00f3n de realidades compartidas e incluso en la satisfacci\u00f3n de nuestras necesidades. Sin embargo, la colaboraci\u00f3n sigue siendo disruptiva y no es la norma en el contexto corporativo, donde por mucho tiempo la competencia ha sido el status quo y motor de crecimiento.\u00a0 Si queremos construir un modelo de desarrollo para el pa\u00eds, donde el desarrollo econ\u00f3mico contribuya al bienestar de las personas, debemos establecer una visi\u00f3n com\u00fan. La comunicaci\u00f3n y la colaboraci\u00f3n ser\u00e1n la<\/p>\n\t\t<\/div>\n\t\t\n\t\t<a class=\"elementor-post__read-more\" href=\"https:\/\/nodochile.cl\/index.php\/2025\/06\/05\/la-colaboracion-como-herramienta-para-abordar-la-sostenibilidad\/\" aria-label=\"Read more about La colaboraci\u00f3n como herramienta para abordar la sostenibilidad\" tabindex=\"-1\" target=\"_blank\">\n\t\t\tLeer m\u00e1s &gt;\t\t<\/a>\n\n\t\t\t\t<\/div>\n\t\t\t\t<div class=\"elementor-post__meta-data\">\n\t\t\t\t\t<span class=\"elementor-post-author\">\n\t\t\tFrancisco Valenzuela\t\t<\/span>\n\t\t\t\t<\/div>\n\t\t\t\t\t<\/div>\n\t\t<\/article>\n\t\t\t\t<\/div>\n\t\t\n\t\t\t\t\t\t<\/div>\n\t\t\t\t<\/div>\n\t\t\t\t\t<\/div>\n\t\t\t\t<\/div>\n\t\t\t\t<\/div>\n\t\t","protected":false},"excerpt":{"rendered":"","protected":false},"author":2,"featured_media":0,"parent":0,"menu_order":0,"comment_status":"closed","ping_status":"closed","template":"elementor_canvas","meta":{"footnotes":""},"class_list":["post-9879","page","type-page","status-publish","hentry"],"_links":{"self":[{"href":"https:\/\/nodochile.cl\/index.php\/wp-json\/wp\/v2\/pages\/9879","targetHints":{"allow":["GET"]}}],"collection":[{"href":"https:\/\/nodochile.cl\/index.php\/wp-json\/wp\/v2\/pages"}],"about":[{"href":"https:\/\/nodochile.cl\/index.php\/wp-json\/wp\/v2\/types\/page"}],"author":[{"embeddable":true,"href":"https:\/\/nodochile.cl\/index.php\/wp-json\/wp\/v2\/users\/2"}],"replies":[{"embeddable":true,"href":"https:\/\/nodochile.cl\/index.php\/wp-json\/wp\/v2\/comments?post=9879"}],"version-history":[{"count":28,"href":"https:\/\/nodochile.cl\/index.php\/wp-json\/wp\/v2\/pages\/9879\/revisions"}],"predecessor-version":[{"id":10201,"href":"https:\/\/nodochile.cl\/index.php\/wp-json\/wp\/v2\/pages\/9879\/revisions\/10201"}],"wp:attachment":[{"href":"https:\/\/nodochile.cl\/index.php\/wp-json\/wp\/v2\/media?parent=9879"}],"curies":[{"name":"wp","href":"https:\/\/api.w.org\/{rel}","templated":true}]}}

Opinión

<div data-elementor-type="wp-page" data-elementor-id="9879" class="elementor elementor-9879" data-elementor-post-type="page">
				<div class="elementor-element elementor-element-0b12f20 e-flex e-con-boxed e-con e-parent" data-id="0b12f20" data-element_type="container">
					<div class="e-con-inner">
				<div class="elementor-element elementor-element-0a9cb6c elementor-posts--thumbnail-none elementor-grid-3 elementor-grid-tablet-2 elementor-grid-mobile-1 elementor-card-shadow-yes elementor-posts__hover-gradient elementor-widget elementor-widget-posts" data-id="0a9cb6c" data-element_type="widget" data-settings="{&quot;cards_columns&quot;:&quot;3&quot;,&quot;cards_columns_tablet&quot;:&quot;2&quot;,&quot;cards_columns_mobile&quot;:&quot;1&quot;,&quot;cards_row_gap&quot;:{&quot;unit&quot;:&quot;px&quot;,&quot;size&quot;:35,&quot;sizes&quot;:[]},&quot;cards_row_gap_tablet&quot;:{&quot;unit&quot;:&quot;px&quot;,&quot;size&quot;:&quot;&quot;,&quot;sizes&quot;:[]},&quot;cards_row_gap_mobile&quot;:{&quot;unit&quot;:&quot;px&quot;,&quot;size&quot;:&quot;&quot;,&quot;sizes&quot;:[]}}" data-widget_type="posts.cards">
				<div class="elementor-widget-container">
							<div class="elementor-posts-container elementor-posts elementor-posts--skin-cards elementor-grid">
				<article class="elementor-post elementor-grid-item post-8774 post type-post status-publish format-standard hentry category-opinion tag-opinion">
			<div class="elementor-post__card">
				<div class="elementor-post__text">
				<h3 class="elementor-post__title">
			<a href="https://nodochile.cl/index.php/2025/06/05/participacion-ciudadana-temprana-garantias-para-empresas-y-comunidades-en-el-marco-de-la-evaluacion-ambiental/" target=&quot;_blank&quot;>
				Participación Ciudadana Temprana: garantías para empresas y comunidades en el marco de la evaluación ambiental			</a>
		</h3>
				<div class="elementor-post__excerpt">
			<p>El Servicio de Evaluación Ambiental publicó a fines de 2023 la actualización de la Guía de Participación Ciudadana Anticipada (PACA) -lanzada en 2013- denominándose ahora Guía de Participación Ciudadana Temprana (PCT), la cual estandariza procesos y metodologías de participación y relacionamiento comunitario en el marco de proyectos de inversión que ingresan al SEIA, e integra los principios y criterios del Acuerdo Regional sobre el Acceso a la Información, la Participación Pública y el Acceso a la Justicia en Asuntos Ambientales en América Latina y el Caribe (Acuerdo de Escazú), al</p>
		</div>
		
		<a class="elementor-post__read-more" href="https://nodochile.cl/index.php/2025/06/05/participacion-ciudadana-temprana-garantias-para-empresas-y-comunidades-en-el-marco-de-la-evaluacion-ambiental/" aria-label="Read more about Participación Ciudadana Temprana: garantías para empresas y comunidades en el marco de la evaluación ambiental" tabindex="-1" target="_blank">
			Leer más &gt;		</a>

				</div>
				<div class="elementor-post__meta-data">
					<span class="elementor-post-author">
			Sebastián Videla		</span>
				</div>
					</div>
		</article>
				<article class="elementor-post elementor-grid-item post-8772 post type-post status-publish format-standard hentry category-opinion tag-opinion">
			<div class="elementor-post__card">
				<div class="elementor-post__text">
				<h3 class="elementor-post__title">
			<a href="https://nodochile.cl/index.php/2025/06/05/mujeres-en-los-directorios-una-decision-estrategica-que-impulsa-la-sostenibilidad/" target=&quot;_blank&quot;>
				Mujeres en los directorios: una decisión estratégica que impulsa la sostenibilidad			</a>
		</h3>
				<div class="elementor-post__excerpt">
			<p>Cada mes de marzo se reaviva el debate sobre la importancia de incorporar mujeres en los directorios de empresas. Esta conversación no debería limitarse a este mes, sino formar parte de un compromiso continuo y este año la discusión es especialmente importante tras la reciente aprobación de la ley “Más Mujeres en Directorios”, que establece que el género mayoritario no podrá superar el 60% de los puestos. Diversos estudios han demostrado los beneficios de la inclusión de mujeres en la toma de decisiones, pero poco se habla del impacto concreto</p>
		</div>
		
		<a class="elementor-post__read-more" href="https://nodochile.cl/index.php/2025/06/05/mujeres-en-los-directorios-una-decision-estrategica-que-impulsa-la-sostenibilidad/" aria-label="Read more about Mujeres en los directorios: una decisión estratégica que impulsa la sostenibilidad" tabindex="-1" target="_blank">
			Leer más &gt;		</a>

				</div>
				<div class="elementor-post__meta-data">
					<span class="elementor-post-author">
			Pilar de la Cerda		</span>
				</div>
					</div>
		</article>
				<article class="elementor-post elementor-grid-item post-8770 post type-post status-publish format-standard hentry category-opinion tag-opinion">
			<div class="elementor-post__card">
				<div class="elementor-post__text">
				<h3 class="elementor-post__title">
			<a href="https://nodochile.cl/index.php/2025/06/05/lo-que-no-se-dice-cuesta-caro-la-importancia-de-hablar-claro-con-las-comunidades/" target=&quot;_blank&quot;>
				Lo que no se dice cuesta caro: la importancia de hablar claro con las comunidades			</a>
		</h3>
				<div class="elementor-post__excerpt">
			<p>En el desarrollo de proyectos energéticos, especialmente aquellos vinculados a fuentes renovables como la eólica, se ha vuelto cada vez más evidente que la transparencia temprana sobre los potenciales impactos no es solo una buena práctica, sino una condición necesaria para construir relaciones de confianza con los territorios. La experiencia nacional e internacional ha demostrado que ocultar, minimizar o postergar información relevante sobre afectaciones potenciales como cambios en el paisaje, ruidos, parpadeos de sombra o intervenciones sobre el territorio, puede tener un costo muy alto, tanto para la viabilidad de</p>
		</div>
		
		<a class="elementor-post__read-more" href="https://nodochile.cl/index.php/2025/06/05/lo-que-no-se-dice-cuesta-caro-la-importancia-de-hablar-claro-con-las-comunidades/" aria-label="Read more about Lo que no se dice cuesta caro: la importancia de hablar claro con las comunidades" tabindex="-1" target="_blank">
			Leer más &gt;		</a>

				</div>
				<div class="elementor-post__meta-data">
					<span class="elementor-post-author">
			Francisco Valenzuela		</span>
				</div>
					</div>
		</article>
				<article class="elementor-post elementor-grid-item post-8751 post type-post status-publish format-standard hentry category-opinion tag-opinion">
			<div class="elementor-post__card">
				<div class="elementor-post__text">
				<h3 class="elementor-post__title">
			<a href="https://nodochile.cl/index.php/2025/06/05/la-colaboracion-como-herramienta-para-abordar-la-sostenibilidad/" target=&quot;_blank&quot;>
				La colaboración como herramienta para abordar la sostenibilidad			</a>
		</h3>
				<div class="elementor-post__excerpt">
			<p>Por Francisco Valenzuela La idea de colaborar no es nueva. Tampoco su importancia en la construcción de realidades compartidas e incluso en la satisfacción de nuestras necesidades. Sin embargo, la colaboración sigue siendo disruptiva y no es la norma en el contexto corporativo, donde por mucho tiempo la competencia ha sido el status quo y motor de crecimiento.  Si queremos construir un modelo de desarrollo para el país, donde el desarrollo económico contribuya al bienestar de las personas, debemos establecer una visión común. La comunicación y la colaboración serán la</p>
		</div>
		
		<a class="elementor-post__read-more" href="https://nodochile.cl/index.php/2025/06/05/la-colaboracion-como-herramienta-para-abordar-la-sostenibilidad/" aria-label="Read more about La colaboración como herramienta para abordar la sostenibilidad" tabindex="-1" target="_blank">
			Leer más &gt;		</a>

				</div>
				<div class="elementor-post__meta-data">
					<span class="elementor-post-author">
			Francisco Valenzuela		</span>
				</div>
					</div>
		</article>
				</div>
		
						</div>
				</div>
					</div>
				</div>
				</div>
